n(r) = r - 14. Let y be n(-11). Let p = y - -36. Is c(p) prime?
False
Let m(f) = -f**3 + 4*f - 4. Let a be m(0). Let w be -3 - (2*-10)/a. Is (-29346)/(-48) - (-3)/w a prime number?
False
Let g(j) = -4332*j - 43. Is g(-3) a prime number?
True
Suppose 1112 = r - 18067. Suppose 2*j - r = 18055. Is j a prime number?
True
Suppose -12896 = -3*i + 5*w, 2*i = -4*w - 0*w + 8612. Let b = -1579 + i. Is b a composite number?
True
Let i(f) = 1532*f + 2331. Is i(10) prime?
False
Let q(h) = -h**3 - 7*h**2 + 6*h + 3. Suppose 4*p - 29 = -17. Suppose p*s = -2 - 22. Is q(s) composite?
False
Let c(u) = 4079*u**2 - 19*u + 31. Is c(10) a prime number?
True
Suppose -b + 28 = -4*d - 5*b, -2*b = 3*d + 22. Is 2/(-11) + d + 180012/44 a composite number?
True
Suppose 6*y + 0*y = 18. Suppose -y*i = 3*g + g - 17, 5*g - 20 = -5*i. Suppose g*j + 187 = f, -f + 3*j + 935 = 4*f. Is f a prime number?
False
Let u be 15/10 - 4/((-40)/(-25)). Is u/5 + -12*(-8)/5 prime?
True
Suppose -5*n - 10 = 0, -4*n = 2*k - 43938 - 19992. Is k composite?
True
Suppose 8*s = 5*t + 5*s - 16, 6 = 4*t + s. Suppose -3*o + 2*w + 0 + 6 = 0, -o - 8 = -4*w. Suppose 4 = t*f - 0, -5*v + o*f = -8177. Is v a prime number?
True
Suppose 0 = 11*c - 13*c - 3*t + 135, 375 = 5*c - 5*t. Suppose c*d - 14822 = 70*d. Is d a prime number?
True
Suppose -3*j + 235052 = -4*r - 185107, j - 140053 = -3*r. Is j prime?
True
Suppose -5*q = -3*l + 1059573, -3*l = 5*q - 273055 - 786578. Is l prime?
True
Suppose -3*d - 259*q + 192324 = -258*q, -320560 = -5*d + 5*q. Is d a composite number?
False
Let n(t) = 627*t**2 + 3*t + 4. Let j be n(-3). Suppose 16*y + j = 18*y. Is y a prime number?
True
Suppose 5*a + 2*z = 27985, 0 = -4*a + z + 15832 + 6556. Suppose 0 = 6*i - 16981 - a. Is i a composite number?
True
Is 2/(-6)*-538716 + 15 composite?
True
Suppose 4*u + q + 2671 + 8392 = 0, 3*u + 8297 = -q. Let t = 3619 - u. Is t composite?
True
Let w = 3841 + -1883. Let j = w - 159. Is j prime?
False
Let v(f) = -4 - 5 - 784*f + 0 + 983*f + 1. Let b be -1*1*-1*7. Is v(b) prime?
False
Suppose 0 = 5*l + 3*y - 17, -3*l + 4*y = 2*y - 14. Suppose 6*m - 2*m - s = 20584, 0 = s - l. Is m prime?
True
Let c(a) = 3 - 4 - 3 - 195*a + 1. Let u = 68 + -74. Is c(u) a composite number?
True
Let j(k) = -127*k - 2029. Let x be j(-16). Suppose -2*m = -1 - 3. Suppose 3*f - x*p = -5*p + 7821, m*f + 2*p - 5212 = 0. Is f a prime number?
True
Let j(z) = 44*z**2 + 71*z + 496. Is j(-7) a composite number?
True
Let g(p) = -p**3 + 14*p**2 + 48*p + 15. Let w be g(17). Is 1/(-4) - -7573*(-9)/w a prime number?
False
Let i be (-39 - (1 + 0/(-2)))*37. Let v = 4059 + i. Is v a composite number?
False
Let s(k) = 480*k**3 - k**2 + k - 1. Suppose 18*o - 14 - 4 = 0. Is s(o) prime?
True
Let b(m) = 2*m**3 - 23*m**2 - 4*m - 32. Let k be b(23). Suppose -2*x = 6*y - 10*y - 24094, -x = -3*y - k. Is x composite?
True
Suppose 5*b + 3*b - 24 = 0. Suppose 2*y - 540 = -b*y. Let a = 199 + y. Is a prime?
True
Suppose 29795 + 7857 = -3*u + f, f + 50198 = -4*u. Let w = -7979 - u. Is w prime?
False
Let w = 68 - 69. Let s(j) = 49*j**2 + 269*j**2 + 173*j**2. Is s(w) a composite number?
False
Suppose -12*k = -10503 - 103211 + 7502. Is k a composite number?
True
Suppose 0 = -5*v - 2*o + 511577, 3*v + 19*o = 16*o + 306939. Is v prime?
True
Let j = 88 - 83. Suppose t + 0*t + 4 = 0, j*u = -t + 4611. Is u a prime number?
False
Let d be -24*(55/15 - 4). Suppose -19 + 3 = -2*n - 4*y, -2*n - d = -2*y. Suppose -4*r + p + 0*p + 487 = 0, -5*r - 2*p + 599 = n. Is r a composite number?
True
Let w(f) = f**3 - 3*f**2 - 6*f - 56. Let z be w(-5). Let c = z + 875. Is c prime?
False
Let s be (-334)/((-66)/(-14) + -5). Let l = 8 + s. Is l prime?
False
Let a be 820498/(-210) - (-4)/30. Let h = 23568 + a. Is h a prime number?
True
Suppose -7774 = -11*y + 5965. Suppose w - y = -0*w. Is w composite?
False
Suppose -t - 4*z = -2*z - 81897, -3*t - 4*z = -245691. Is t prime?
False
Let v(u) = -185*u**3 + u**2 + 2*u + 2. Let p be v(-1). Suppose -4*d + p = -3*d. Suppose i - 79 = d. Is i a prime number?
False
Is (1/4)/((-29)/(-7143628)) a prime number?
True
Let t(n) = n**2 + 4*n - 1. Let h be t(-5). Suppose -3 = -m + 2, 5*m - 25 = -h*u. Suppose u = 4*l - 2*s - 2692, -s = -2*l - 3*l + 3365. Is l a prime number?
True
Let i be 169/39*((-4)/(-2) - 5). Let k(w) = -2*w**3 - 12*w**2 + 28*w - 9. Is k(i) composite?
False
Let l(y) = -10*y**3 - 3*y**2 - 3*y. Let w be l(-1). Is ((-3932)/(-10))/(w/150) - -5 a composite number?
False
Let h = 50 - 46. Suppose 3*a - h*d - 219 = 0, 2*a = 3*d - 2*d + 151. Is a prime?
False
Suppose 9*r - 10*r = 52. Let y = r + 45. Is 0/y - (1 - 448) prime?
False
Is (-2684)/99 - -27 - 506368/(-9) composite?
False
Suppose -660 = -3*k + 2*p + p, -4*k + 852 = 3*p. Let y = k + -305. Let x = y + 166. Is x a prime number?
False
Suppose 2*b + 12 = 5*b - 4*p, -p = 4*b + 3. Suppose -w - 2*i + 865 + 74 = 0, b = -w + 3*i + 949. Is w composite?
True
Suppose -3*z + 48745 - 5178 = 2*g, 0 = -z - 5*g + 14544. Is z a prime number?
True
Suppose -1946 = -9*k + 7*k. Let t = -579 + k. Let p = 980 - t. Is p a prime number?
False
Let a(v) be the first derivative of -2*v**2 + 26/3*v**3 + 10 - 3*v. Is a(7) a composite number?
True
Let c = 32 + -33. Let o be c + (-5)/(-1) + -9 + 9. Is 1614*(13/3 - o) a composite number?
True
Let f = 1947 - -1731. Suppose 218*x = 212*x + f. Is x a composite number?
False
Suppose -57*x - 68*x + 53561125 = 0. Is x prime?
True
Suppose -19*g + 16236 = -16*g. Let t = g + 5147. Is t prime?
True
Let m = 101 - 93. Is 459535/75 - m/60 a prime number?
False
Let q(b) = -2*b**3 - 15*b**2 + 26*b + 35. Let p be q(-14). Let n = 3262 - p. Is n composite?
True
Is ((-4936770)/(-12))/5 - (-13)/(-26) prime?
True
Suppose -4*a - 3172 + 10727 = -5*w, -3*a + 3*w + 5667 = 0. Let r be (6/7)/(3*5/a). Suppose 2*o - 70 = r. Is o a prime number?
True
Let v = 83 + -78. Let n(o) = 40*o**2 - 5*o + 4. Is n(v) a composite number?
True
Is ((-21)/9)/((-38)/5565594) a composite number?
True
Let p(d) = -7429*d**3 + 4*d**2 + 60*d + 243. Is p(-4) prime?
True
Suppose -2*t - 2*t - 4 = 0. Let r(k) = k**3 + k. Let w(x) = 14*x**3 - 3*x**2 - 5*x - 3. Let j(y) = t*r(y) - w(y). Is j(-2) composite?
False
Suppose 9*o - 4*o = 20. Let g(w) = -6*w**2 + 0*w**2 + 34*w**3 - 3 + 6*w + 0*w**2. Is g(o) prime?
False
Suppose 26 + 62 = 4*u. Let k be -2 - 72/(-33) - (-4396)/u. Let s = k + -59. Is s prime?
False
Let s = -371835 + 668974. Is s a composite number?
True
Suppose -753*k = -755*k. Suppose k = h - 3328 - 1003. Is h a composite number?
True
Let q(c) = 68974*c**3 + 3*c**2 - 5*c + 2. Is q(1) a composite number?
True
Let j = -109 + 460. Let x = 1609 - -7. Let a = j + x. Is a a composite number?
True
Let f = -317282 - -479869. Is f prime?
False
Let m(x) = 2*x - x**3 - 17 + 43 - 26 + 6*x**2. Let r = -30 + 35. Is m(r) composite?
True
Let b(o) be the first derivative of -3*o + 17 + 179/3*o**3 + o**2. Is b(1) prime?
False
Let d(y) = 91580*y + 73. Is d(2) composite?
True
Let g(f) = 1848*f**2 - 111*f - 31. Is g(-16) prime?
False
Suppose 53 + 1 = 9*s. Let i(a) = -7*a**3 + 6*a**2 - 20*a + 8. Let y(u) = -8*u**3 + 5*u**2 - 21*u + 9. Let x(h) = -6*i(h) + 5*y(h). Is x(s) a prime number?
False
Let x(j) = -16*j**3 + 35*j**2 + 72*j - 107. Is x(-22) a composite number?
True
Is (20331/(-108))/(15/(-12340)) a composite number?
True
Suppose -7*v + 127690 + 31980 = 0. Suppose -v = -5*q - 2*j + 64540, -3*j + 87355 = 5*q. Suppose -9*s = -5*s - q. Is s a composite number?
True
Is 35*34/85 - (2 - 743557) a composite number?
True
Suppose -5*m - 2*s - s - 16 = 0, 4*m = 2*s - 26. Let a(r) be the third derivative of 2*r**5/3 + 5*r**4/24 + 7*r**3/3 - 9*r**2. Is a(m) a prime number?
False
Suppose f - 5*q + 896 = 0, -4*f = 4*q + 577 + 3127. Let j = f - -8158. Is j prime?
True
Let q(c) = 3*c**2 - 2*c**2 + c**2 - 8 - 106*c**3 - 5*c + 0. Let l be (8/16)/((-76)/24 - -3). Is q(l) composite?
False
Let j = 27 + -23. Suppose 0 = -33*n + 32*n - j. Is -1623*(n - (-44)/12) prime?
True
Let s be 4 - (8/4 - (-3 - -4)). Suppose 2*n = -5*u + 19, -26 + 11 = -3*n - s*u. Suppose 6*l - n*l - 4676 = 0. Is l a prime number?
False
Let w be (88/(-33))/((-2)/15). Let s be -5*(w/8 + -2)*-2. Is (1/2)/(s/1790) prime?
True
Let d(n) be the third derivative of n**5/60 - 11*n**4/8 + 61*n**3/6 - 106*n**2. Is d(-44) a prime numbe